is the units digit of 8413?
3
What is the ten thousands digit of 141055?
4
What is the hundreds digit of 1505?
5
What is the ten thousands digit of 10978?
1
What is the tens digit of 54584?
8
What is the thousands digit of 91891?
1
What is the ten thousands digit of 23050?
2
What is the hundreds digit of 98999?
9
What is the ten thousands digit of 29457?
2
What is the hundreds digit of 634?
6
What is the units digit of 46100?
0
What is the thousands digit of 37422?
7
What is the tens digit of 5318?
1
What is the units digit of 800?
0
What is the thousands digit of 3862?
3
What is the units digit of 41703?
3
What is the units digit of 240?
0
What is the tens digit of 16080?
8
What is the tens digit of 17096?
9
What is the hundreds digit of 6443?
4
What is the hundreds digit of 8868?
8
What is the hundreds digit of 5095?
0
What is the hundreds digit of 367?
3
What is the tens digit of 1466?
6
What is the units digit of 36242?
2
What is the hundreds digit of 76896?
8
What is the tens digit of 14903?
0
What is the hundreds digit of 5635?
6
What is the hundreds digit of 30680?
6
What is the tens digit of 39?
3
What is the units digit of 3982?
2
What is the hundreds digit of 12391?
3
What is the tens digit of 10196?
9
What is the hundreds digit of 2515?
5
What is the hundreds digit of 630?
6
What is the tens digit of 993?
9
What is the units digit of 20747?
7
What is the thousands digit of 2320?
2
What is the tens digit of 3479?
7
What is the ten thousands digit of 113943?
1
What is the units digit of 12381?
1
What is the units digit of 1710?
0
What is the tens digit of 1663?
6
What is the units digit of 483?
3
What is the ten thousands digit of 13498?
1
What is the thousands digit of 106889?
6
What is the thousands digit of 1810?
1
What is the hundreds digit of 1996?
9
What is the tens digit of 10044?
4
What is the thousands digit of 24837?
4
What is the thousands digit of 35782?
5
What is the tens digit of 3325?
2
What is the hundreds digit of 57676?
6
What is the hundreds digit of 2006?
0
What is the units digit of 107450?
0
What is the units digit of 1304?
4
What is the thousands digit of 2670?
2
What is the units digit of 1722?
2
What is the thousands digit of 23996?
3
What is the thousands digit of 57969?
7
What is the units digit of 967?
7
What is the thousands digit of 42918?
2
What is the units digit of 3164?
4
What is the units digit of 49?
9
What is the thousands digit of 66251?
6
What is the tens digit of 251?
5
What is the thousands digit of 3671?
3
What is the units digit of 102852?
2
What is the thousands digit of 1307?
1
What is the hundreds digit of 1151?
1
What is the tens digit of 140?
4
What is the tens digit of 4202?
0
What is the tens digit of 2843?
4
What is the units digit of 6018?
8
What is the units digit of 22646?
6
What is the tens digit of 3922?
2
What is the ten thousands digit of 72400?
7
What is the hundreds digit of 6547?
5
What is the hundreds digit of 22639?
6
What is the tens digit of 4468?
6
What is the hundreds digit of 1643?
6
What is the hundreds digit of 332?
3
What is the thousands digit of 12091?
2
What is the units digit of 972?
2
What is the hundreds digit of 3549?
5
What is the tens digit of 2282?
8
What is the thousands digit of 1219?
1
What is the units digit of 2410?
0
What is the tens digit of 667?
6
What is the hundreds digit of 741?
7
What is the hundreds digit of 10854?
8
What is the units digit of 354?
4
What is the ten thousands digit of 30196?
3
What is the thousands digit of 8584?
8
What is the ten thousands digit of 17310?
1
What is the hundreds digit of 19548?
5
What is the units digit of 1781?
1
What is the hundreds digit of 2338?
3
What is the thousands digit of 78310?
8
What is the units digit of 23905?
5
What is the thousands digit of 1332?
1
What is the units digit of 485?
5
What is the units digit of 15?
5
What is the thousands digit of 1524?
1
What is the units digit of 453?
3
What is the thousands digit of 25257?
5
What is the units digit of 9451?
1
What is the hundreds digit of 4982?
9
What is the hundreds digit of 5368?
3
What is the hundreds digit of 1896?
8
What is the tens digit of 44822?
2
What is the ten thousands digit of 147003?
4
What is the ten thousands digit of 12943?
1
What is the tens digit of 33221?
2
What is the units digit of 12206?
6
What is the ten thousands digit of 21835?
2
What is the hundreds digit of 62325?
3
What is the hundred thousands digit of 149014?
1
What is the tens digit of 80042?
4
What is the tens digit of 1162?
6
What is the thousands digit of 19180?
9
What is the units digit of 2749?
9
What is the tens digit of 3520?
2
What is the hundreds digit of 8423?
4
What is the tens digit of 39299?
9
What is the units digit of 3156?
6
What is the tens digit of 462?
6
What is the hundreds digit of 16982?
9
What is the ten thousands digit of 10455?
1
What is the hundreds digit of 68097?
0
What is the tens digit of 734?
3
What is the hundreds digit of 13005?
0
What is the thousands digit of 6710?
6
What is the thousands digit of 3895?
3
What is the thousands digit of 7673?
7
What is the thousands digit of 9575?
9
What is the hundreds digit of 5560?
5
What is the thousands digit of 1026?
1
What is the thousands digit of 1325?
1
What is the hundreds digit of 1678?
6
What is the units digit of 540?
0
What is the thousands digit of 52383?
2
What is the tens digit of 18076?
7
What is the ten thousands digit of 23671?
2
What is the units digit of 13618?
8
What is the tens digit of 1450?
5
What is the units digit of 985?
5
What is the thousands digit of 136160?
6
What is the hundreds digit of 2079?
0
What is the units digit of 27291?
1
What is the hundreds digit of 12720?
7
What is the hundreds digit of 767?
7
What is the tens digit of 56037?
3
What is the tens digit of 23186?
8
What is the tens digit of 2496?
9
What is the ten thousands digit of 63045?
6
What is the ten thousands digit of 27817?
2
What is the hundreds digit of 97956?
9
What is the hundreds digit of 31530?
5
What is the units digit of 232?
2
What is the units digit of 748?
8
What is the units digit of 435?
5
What is the hundreds digit of 3318?
3
What is the units digit of 258?
8
What is the tens digit of 5184?
8
What is the units digit of 2378?
8
What is the tens digit of 27540?
4
What is the units digit of 141080?
0
What is the tens digit of 1189?
8
What is the thousands digit of 1250?
1
What is the thousands digit of 9995?
9
What is the hundreds digit of 3128?
1
What is the thousands digit of 1123?
1
What is the units digit of 635?
5
What is the units digit of 30506?
6
What is the units digit of 6272?
2
What is the thousands digit of 43986?
3
What is the units digit of 7259?
9
What is the ten thousands digit of 18887?
1
What is the units digit of 1381?
1
What is the hundreds digit of 684?
6
What is the units digit of 1246?
6
What is the ten thousands digit of 27979?
2
What is the tens digit of 892?
9
What is the units digit of 77?
7
What is the hundreds digit of 980?
9
What is the hundreds digit of 1250?
2
What is the hundreds digit of 1868?
8
What is the hundreds digit of 2154?
1
What is the units digit of 345?
5
What is the thousands digit of 4991?
4
What is the hundreds digit of 8056?
0
What is the units digit of 8238?
8
What is the units digit of 68253?
3
What is the hundreds digit of 63797?
7
What is the units digit of 3373?
3
What is the hundreds digit of 117400?
4
What is the units digit of 1533?
3
What is the ten thousands digit of 62041?
6
What is the units digit of 182?
2
What is the thousands digit of 7525?
7
What is the tens digit of 3672?
7
What is the tens digit of 348?
4
What is the thousands digit of 22139?
2
What is the tens digit of 104412?
1
What is the units digit of 520?
0
What is the units digit of 21941?
1
What is the thousands digit of 30792?
0
What is the units digit of 135?
5
What is the hundreds digit of 289?
2
What is the units digit of 2633?
3
What is the tens digit of 987?
8
What is the tens digit of 2612?
1
What is the tens digit of 13461?
6
What is the units digit of 151161?
1
What is the ten thousands digit of 18562?
1
What is the thousands digit of 20948?
0
What is the hundreds digit of 672?
6
What is the units digit of 7902?
2
What is the hundreds digit of 1